(-13).
1
Let s(h) = 10*h**2 - 159*h + 8. Calculate s(16).
24
Let i(g) = 2*g**3 - 7*g**2 - 36*g + 111. What is i(3)?
-6
Let v(f) = -2*f**2 - 92. Give v(10).
-292
Let l(w) = -15*w - 1809. What is l(-121)?
6
Let s(h) = h**3 + h**2 + 3*h + 13. Determine s(-3).
-14
Let i(d) = -d**3 - 45*d**2 - 85*d + 43. Determine i(-43).
0
Let u(i) = 56*i**2 + 8*i - 13. Determine u(2).
227
Let u(o) = 2*o**2 + 117*o + 577. What is u(-53)?
-6
Let f(b) = -14*b - 24. Determine f(0).
-24
Let s(h) = h**2 + 30*h. Determine s(-27).
-81
Let q(r) = -r**3 + 4*r**2 + 56*r + 103. What is q(-4)?
7
Let z(x) = -190*x + 3422. What is z(18)?
2
Let k(c) = -c**2 + 903*c - 5392. Give k(6).
-10
Let t(p) = p**2 + 173*p - 6565. Determine t(32).
-5
Let v(f) = 2*f**2 - 5*f - 316. Determine v(16).
116
Let w(h) = -2*h**3 + 53*h**2 + 34*h - 67. What is w(27)?
122
Let w(h) = -h**3 + 53*h + 196. What is w(-4)?
48
Let w(q) = 28*q + 250. Determine w(10).
530
Let x(z) = 3978*z + 3966. Calculate x(-1).
-12
Let b(j) = 1329*j - 1348. Calculate b(1).
-19
Let t(c) = 13*c + 485. Calculate t(-45).
-100
Let j(n) = 2*n**2 + 27*n - 223. Give j(-25).
352
Let n(g) = 2*g**2 + 24*g + 33. Give n(-8).
-31
Let j(t) = t**3 + 77*t**2 + 288*t - 186. Calculate j(-73).
106
Let x(u) = -2*u**3 + 136*u**2 - 264*u + 5. What is x(66)?
5
Let r(y) = -y**2 + 3*y + 21462. Calculate r(-145).
2
Let p(s) = -s**3 + 11*s**2 - 27*s - 2. Calculate p(7).
5
Let y(g) = 7*g**2 - 84*g + 190. What is y(9)?
1
Let m(k) = 7*k**3 - 3*k**2 - 24*k - 1. Give m(4).
303
Let v(m) = -3*m**3 + 15*m**2 + 49*m - 52. Give v(7).
-3
Let m(v) = 35*v - 144. Give m(7).
101
Let m(k) = 3*k**2 + 10*k + 2. What is m(-3)?
-1
Let z(p) = -p**3 - 13*p**2 + 2*p + 41. Give z(-9).
-301
Let i(g) = g**3 + g**2 - 884*g - 1772. Calculate i(-2).
-8
Let m(w) = -w**3 + 6*w**2 + 24*w - 31. Calculate m(9).
-58
Let p(o) = -o**2 - 48*o + 1582. What is p(23)?
-51
Let o(d) = -d**3 + 7*d**2 + 9*d + 1. Calculate o(-2).
19
Let c(y) = -y**3 + 24*y**2 + 35*y - 266. What is c(25)?
-16
Let n(m) = -63*m + 2399. Give n(38).
5
Let h(i) = i**2 - 36*i - 1204. Calculate h(57).
-7
Let w(h) = h**3 - 62*h**2 - 42. Give w(62).
-42
Let g(s) = -2328*s - 18612. Give g(-8).
12
Let n(u) = -u**3 + 8*u**2 - 22*u + 86. Determine n(6).
26
Let v(q) = q**3 - 26*q**2 + 151*q - 17. Determine v(17).
-51
Let f(t) = -t**2 + 26*t - 85. Give f(18).
59
Let h(s) = 116*s - 7053. Calculate h(62).
139
Let u(j) = -2*j**2 - 28*j + 137. What is u(-13)?
163
Let s(g) = 21*g**2 - 716*g + 7. Give s(34).
-61
Let u(c) = -c**3 + 30*c**2 - 14*c - 431. Give u(29).
4
Let p(m) = -38*m + 168. What is p(5)?
-22
Let z(h) = -9*h**2 - 31*h - 60. Determine z(0).
-60
Let k(r) = -r**3 + 6*r**2 + 42. Determine k(7).
-7
Let w(b) = -27*b + 43. Calculate w(10).
-227
Let z(g) = -g**3 - 16*g**2 + 58*g + 13. Determine z(-19).
-6
Let m(s) = s**3 + 85*s**2 - 25*s - 2107. Give m(-85).
18
Let o(d) = -3*d**3 - 15*d**2 + 8*d - 1. Give o(-6).
59
Let x(s) = -3*s**2 - 9. Give x(-6).
-117
Let i(z) = -17*z - 75. What is i(-6)?
27
Let u(z) = z + 22. What is u(-25)?
-3
Let a(k) = 72*k - 2001. Calculate a(28).
15
Let r(i) = 77*i + 54. Give r(-6).
-408
Let s(u) = -8732*u + 69850. Calculate s(8).
-6
Let q(h) = -h**2 - 12*h - 242. Calculate q(-16).
-306
Let r(o) = -2*o**3 - 5*o**2 - 47*o - 367. Determine r(-5).
-7
Let u(m) = -m**3 + 9*m**2 - 13*m + 51. What is u(8)?
11
Let d(z) = -198*z + 3762. What is d(19)?
0
Let i(o) = 269*o + 3760. Determine i(-14).
-6
Let s(b) = -b**2 - 25*b + 52. Give s(8).
-212
Let o(v) = 2*v**3 + 15*v**2 + 8*v + 10. Give o(-7).
3
Let y(q) = -5121*q + 102417. Give y(20).
-3
Let k(g) = 12*g**3 - 3*g**2 + 6*g + 11. Give k(-2).
-109
Let l(t) = t**3 + 2*t**2 - 289*t - 1118. What is l(-4)?
6
Let q(i) = -i**2 - 56*i - 387. Give q(-48).
-3
Let u(a) = -10*a + 167. Determine u(14).
27
Let p(a) = 83*a - 138. Give p(-7).
-719
Let l(o) = o**3 - 131*o**2 - 25*o + 3322. What is l(131)?
47
Let c(o) = -42*o + 232. Give c(7).
-62
Let s(q) = -1332*q**2 + 4*q + 2. What is s(0)?
2
Let a(m) = -m**3 + 23*m**2 - 47*m + 83. Calculate a(21).
-22
Let a(z) = 2*z**3 + 71*z**2 - 38*z - 87. Calculate a(-36).
-15
Let w(i) = -8*i**3 + 3*i**2 - i - 4. Give w(-2).
74
Let b(i) = -i**2 + 261*i - 785. Determine b(3).
-11
Let g(z) = -2044*z + 12283. Give g(6).
19
Let o(h) = -1099*h + 9902. Calculate o(9).
11
Let v(i) = 8*i**3 + 89*i**2 + 36*i + 299. Determine v(-11).
24
Let a(j) = 1685*j + 1688. Determine a(-1).
3
Let h(i) = -96*i - 1537. Determine h(-16).
-1
Let c(k) = k**2 - 643. Give c(25).
-18
Let n(p) = -p**3 - 116*p**2 + 257*p + 2473. Calculate n(-118).
-5
Let u(t) = 81*t + 853. What is u(-11)?
-38
Let z(m) = -m**2 + 32*m - 31. What is z(22)?
189
Let g(p) = 737*p + 11081. What is g(-15)?
26
Let b(o) = -11*o + 4. Calculate b(-2).
26
Let t(y) = -3*y**2 + 38*y + 8. Calculate t(13).
-5
Let y(z) = -6*z**3 - 38*z**2 - 8*z + 10. Determine y(3).
-518
Let b(o) = -1229*o + 13520. What is b(11)?
1
Let i(u) = u**3 - 30*u**2 - 304*u + 9. Calculate i(38).
9
Let u(a) = -a**2 - 12*a - 40. Determine u(-9).
-13
Let a(g) = -2*g**2 - 56*g - 281. Give a(-19).
61
Let w(y) = -179*y**2 - 1262*y - 26. Give w(-7).
37
Let h(a) = -793*a - 3172. Give h(-4).
0
Let s(f) = -344*f + 2091. Determine s(6).
27
Let j(b) = -12*b - 429. What is j(-37)?
15
Let j(w) = 3*w**2 - 969. Give j(-18).
3
Let k(p) = 2*p**2 + 320*p - 6020. What is k(17)?
-2
Let k(l) = -52*l - 34. Determine k(-8).
382
Let y(j) = 6*j**2 + 4*j + 2. Determine y(-1).
4
Let g(j) = 48*j**2 + 2*j - 14. Determine g(0).
-14
Let o(f) = f**3 + 42*f**2 + 271*f + 5. Determine o(-8).
13
Let z(q) = 21*q**3 - 942*q**2 - 133*q - 89. Give z(45).
1
Let q(o) = -10*o**2 + 16*o + 32. Determine q(5).
-138
Let a(f) = 8*f**2 - 4. Determine a(2).
28
Let b(y) = y**3 + 83*y**2 + 338*y + 1735. Determine b(-79).
-3
Let m(o) = -o**3 + 160*o**2 + 319*o + 813. What is m(162)?
3
Let h(z) = -484*z + 12091. What is h(25)?
-9
Let n(a) = -a**2 - 18. Give n(-17).
-307
Let d(p) = -2*p**2 - 32*p - 142. Calculate d(-9).
-16
Let r(l) = -2*l - 68. Determine r(13).
-94
Let h(a) = -a + 43. Give h(-4).
47
Let r(d) = 6*d**2 - 44*d - 141. Calculate r(11).
101
Let p(w) = -740*w - 7410. What is p(-10)?
-10
Let c(f) = -155*f + 2717. Calculate c(18).
-73
Let k(g) = 2*g**2 - 1716*g - 10342. What is k(-6)?
26
Let j(y) = y**3 + 72*y**2 - 70*y + 227. Determine j(-73).
8
Let y(x) = 7*x**3 + 31*x**2 + 14*x + 1. Give y(-4).
-7
Let w(c) = -5*c**2 + 197*c - 81. Give w(39).
-3
Let o(j) = -823*j + 3986. Calculate o(5).
-129
Let o(p) = -6*p**2 + 343*p - 669. What is o(2)?
-7
Let k(d) = -143*d + 53. What is k(0)?
53
Let o(z) = 28*z**2 - 308*z - 15. Give o(11).
-15
Let m(v) = v**3 - 135*v**2 + 324*v - 7713. Give m(133).
1
Let q(h) = -h**3 - 4*h**2 + 37*h + 197. Determine q(-7).
85
Let q(o) = 24*o**3 - o**2 + 58*o - 57. Calculate q(1).
24
Let f(z) = z**2 - 103*z + 2642. Calculate f(51).
-10
Let n(y) = -y**3 - 176*y**2 - 1180*y + 15. What is n(-7)?
-6
Let p(c) = 8*c**2 + 29*c + 23. Calculate p(-4).
35
Let i(k) = 100*k + 1944. What is i(-20)?
-56
Let f(x) = 439*x + 120710. Determine f(-275).
-15
Let d(f) = 9*f + 565. Give d(-63).
-2
Let y(v) = v**3 + 36*v**2 + 212*v + 97. Calculate y(-28).
433
Let w(r) = 6*r**2 + 20*r - 74. What is w(7)?
360
Let q(m) = 12*m**3 - 103*m**2 - 160*m - 108. What is q(10)?
-8
Let d(w) = -2*w**3 + 2*w**2 + 43*w - 23. Give d(5).
-8
Let b(j) = 3*j**2 + 119*j - 11821. Calculate b(46).
1
Let b(c) = -c**3 - 13*c**2 - 11*c + 7. What is b(-12)?
-5
Let u(z) = -3*z**3 + 461*z**2 + 152*z + 305. What is u(154)?
-3
Let k(s) = 4*s**2 - 23*s + 7. Calculate k(5).
-8
Let m(z) = -z**3 - 38*z**2 - 102*z + 103. Give m(-35).
-2
Let r(j) = 196*j + 6076. Determine r(-31).
0
Let i(r) = 694*r + 5512. What is i(-8)?
-40
Let d(s) = s**3 - 9*s**2 + 27*s - 64. What is d(6)?
-10
Let w(d) = 4*d**2 + 9*d. Calculate w(4).
100
Let d(x) = x**3 - 13*x**2 + 36*x + 10. What is d(3)?
28
Let f(h) = 2*h**3 - 19*h**2 + 10*h - 16. Give f(8).
-128
Let k(f) = -39*f**3 - 195*f**2 + f + 3. What is k(-5)?
-2
Let y(a) = -13*a - 1103. What is y(-43)?
-544
Let f(h) = h**3 + h**2 - 636*h - 1898. Determine f(-3).
-8
Let n(u) = -142*u - 87. Calculate n(-2).
197
Let z(t) = -t**2 - 42*t + 714. What is z(-55)?
-1
Let h(q) = -q**3 + 14*q**2 + 53*q - 2. What is h(-3)?
-8
Let o(l) = -l**3 - 13*l**2 - 2*l - 484. Calculate o(-15).
-4
Let i(